- 127*i - 503. Give x(-4).
-11
Let n(t) = -9*t**2 + 6*t - 8. Determine n(2).
-32
Let z(b) = -b**3 - 33*b**2 + 142*b - 223. Calculate z(-37).
-1
Let y(j) = 101*j + 3927. Determine y(-39).
-12
Let b(s) = s**3 + 31*s**2 + 4*s - 6. Determine b(-6).
870
Let m(k) = k**2 + 19*k - 33. Determine m(-16).
-81
Let f(v) = -2*v**2 + 51*v + 2164. Give f(48).
4
Let h(o) = -18*o + 253. Calculate h(-8).
397
Let z(v) = -5*v**3 + 63*v**2 - 41*v + 58. Determine z(12).
-2
Let y(t) = -183*t + 902. What is y(4)?
170
Let t(l) = -14*l - 144. Determine t(-15).
66
Let z(d) = -97*d - 7. Determine z(0).
-7
Let i(u) = 2*u**3 + 7*u**2 + 24*u + 39. Determine i(-3).
-24
Let b(i) = i**3 + 51*i**2 - 104*i + 106. Determine b(-53).
0
Let m(r) = 26*r**2 + 5*r + 4. Give m(-3).
223
Let k(l) = 317*l**2 + 19*l - 19. What is k(1)?
317
Let l(b) = -b**2 - 62*b - 401. Calculate l(-7).
-16
Let y(b) = -b - 90. Calculate y(-24).
-66
Let p(u) = 2*u**3 + 5*u**2 + 6*u - 401. Calculate p(5).
4
Let y(i) = -5*i**3 - 5*i**2 - 57*i - 55. What is y(-1)?
2
Let o(q) = -22301*q - 89215. Determine o(-4).
-11
Let v(k) = k**3 + 27*k**2 - 29*k - 28. Calculate v(-28).
0
Let c(v) = 397*v - 1181. What is c(3)?
10
Let w(o) = 3*o**3 + 12*o**2 - 11*o - 76. Give w(-4).
-32
Let d(i) = -3*i**3 + i**2 - 6*i - 15. Give d(-2).
25
Let l(i) = -163*i - 2674. Calculate l(-16).
-66
Let t(b) = -b**2 + 32*b - 236. What is t(10)?
-16
Let o(i) = -i**3 + 19*i**2 + 56*i + 30. Give o(21).
324
Let y(a) = -15*a**3 - 5*a**2 + 8*a - 2. What is y(2)?
-126
Let o(m) = 531*m - 533. Calculate o(1).
-2
Let l(c) = -c**3 - 217*c**2 + 1155*c + 9996. Give l(-222).
6
Let z(x) = -x**3 - 72*x**2 + 9. Calculate z(0).
9
Let x(z) = -z**3 - 10*z**2 - 61*z - 479. Calculate x(-9).
-11
Let b(x) = x**3 - 116*x**2 + 255*x - 3079. What is b(114)?
-1
Let p(h) = h**3 - 34*h**2 + 176*h + 780. Give p(26).
-52
Let o(z) = -6*z**3 + 5*z**2 + 15*z + 1. What is o(-2)?
39
Let x(f) = f**2 - 94*f + 263. Calculate x(3).
-10
Let d(x) = -x**2 + 90*x + 482. What is d(-5)?
7
Let f(j) = -j**3 - 51*j**2 + 278*j - 73. Give f(-56).
39
Let u(l) = -19*l**2 + 103*l - 116. Determine u(4).
-8
Let j(t) = 2*t**3 - 48*t**2 - 3*t + 6. What is j(24)?
-66
Let d(s) = -34*s**3 - 11*s**2 + 10*s + 7. Calculate d(2).
-289
Let j(x) = 4*x**2 - 137*x - 785. Give j(39).
-44
Let b(o) = -432*o + 9073. Calculate b(21).
1
Let u(t) = 25*t - 177. Determine u(6).
-27
Let l(n) = n**3 + 46*n**2 + 422*n + 166. Determine l(-12).
-2
Let l(a) = -8451*a - 59165. Calculate l(-7).
-8
Let j(u) = -u**2 + 69*u - 124. Give j(70).
-194
Let t(f) = 9*f**2 + 36*f - 411. Give t(-9).
-6
Let l(a) = -14*a + 93. Give l(3).
51
Let o(x) = -952*x + 2853. Determine o(3).
-3
Let m(g) = -g**2 - 51*g - 485. Determine m(-12).
-17
Let j(t) = -5445*t + 147025. What is j(27)?
10
Let d(x) = 33*x + 1559. What is d(-48)?
-25
Let j(i) = 2*i**2 - 209*i + 2599. Give j(90).
-11
Let y(c) = 2*c**3 - 17*c**2 + 26*c + 32. Calculate y(6).
8
Let i(y) = 26*y - 175. What is i(6)?
-19
Let m(z) = -33*z + 322. Calculate m(10).
-8
Let w(p) = -4250*p + 76496. What is w(18)?
-4
Let d(w) = -w**3 - 17*w**2 - w + 50. What is d(-14)?
-524
Let b(x) = -81*x + 13. Calculate b(0).
13
Let f(v) = -v**3 - 3*v**2 + 69*v - 9. Calculate f(-10).
1
Let g(k) = k**2 + 15*k - 18. Calculate g(-16).
-2
Let j(s) = -12*s - 313. Determine j(-23).
-37
Let w(i) = i**2 + 18*i - 389. Determine w(-30).
-29
Let s(k) = -11*k**2 + 65*k + 83. Give s(7).
-1
Let t(q) = 911*q + 6347. What is t(-7)?
-30
Let b(w) = -6*w**3 + 48*w**2 + 37*w - 6. Give b(8).
290
Let h(l) = 26*l**3 - 8*l**2 - 10*l - 1. What is h(-1)?
-25
Let g(l) = -8*l**2 - 96*l - 99. Calculate g(-13).
-203
Let k(t) = -t**2 + 22*t + 280. Calculate k(-15).
-275
Let z(i) = i**2 - 4*i - 33. What is z(10)?
27
Let p(d) = 6*d**2 + 352*d - 70. What is p(-59)?
48
Let q(d) = -3*d**2 + 6*d + 6. Determine q(-9).
-291
Let m(t) = -3769*t + 3760. Give m(1).
-9
Let i(d) = -3*d**3 - 37*d**2 + 30*d + 128. What is i(-13)?
76
Let w(o) = -19*o**2 + 7*o + 18. What is w(0)?
18
Let w(k) = -k**3 + 28*k**2 - 66*k + 346. What is w(26)?
-18
Let i(l) = 19*l**2 - 8. Give i(-3).
163
Let n(z) = -z**2 + 27*z - 64. Give n(28).
-92
Let g(a) = 17*a**2 - 125*a - 8. Calculate g(5).
-208
Let v(i) = i**2 - 60*i + 991. Give v(28).
95
Let z(s) = -s**3 - 45*s**2 + 51*s + 289. Determine z(-46).
59
Let x(q) = 528*q - 2101. Give x(4).
11
Let f(h) = -3*h**3 - 76*h**2 - 112*h + 1114. What is f(-23)?
-13
Let u(i) = i**2 + 5*i - 65. Determine u(-11).
1
Let a(c) = 2*c**3 - 26*c**2 + 30*c - 41. Determine a(12).
31
Let x(r) = -7*r + 780. Determine x(112).
-4
Let p(j) = -52*j - 48. Give p(-1).
4
Let y(v) = -29*v + 2020. Calculate y(62).
222
Let y(w) = 68*w**2 - 1434*w - 5. Give y(21).
-131
Let u(q) = 3*q + 77. Give u(9).
104
Let t(a) = a**3 - 151*a**2 + 173*a - 3480. What is t(150)?
-30
Let t(w) = 3*w**3 + 68*w**2 - 18*w + 2. Calculate t(-23).
-113
Let n(w) = 14*w**3 - 367*w**2 + 79*w - 31. What is n(26)?
-5
Let a(y) = -y**3 + 8*y**2 + 23*y - 1. Give a(10).
29
Let s(t) = t**3 + 14*t**2 - 116*t + 79. Calculate s(-20).
-1
Let m(i) = 52*i + 217. Determine m(-17).
-667
Let a(g) = -74*g + 98. What is a(4)?
-198
Let n(l) = -4*l**2 - 33*l - 27. What is n(-16)?
-523
Let p(z) = -z**2 + 41*z - 2. Give p(41).
-2
Let f(l) = 10*l**3 + 515*l**2 + 250*l - 259. Give f(-51).
-4
Let b(u) = 5*u - 52. What is b(18)?
38
Let a(d) = 4*d**2 + 23*d - 402. Determine a(8).
38
Let u(c) = 3*c**3 + 3*c**2 - 6*c - 2. What is u(-2)?
-2
Let d(p) = 3*p**2 - 47*p - 3. Determine d(13).
-107
Let o(p) = -12*p**3 + 5*p**2 - 3*p - 4. Give o(3).
-292
Let s(j) = j**3 - 16*j**2 + 4*j - 24. Give s(16).
40
Let m(a) = 770*a - 59277. Give m(77).
13
Let u(p) = 2*p**3 + 28*p**2 - 11*p - 12. Determine u(-14).
142
Let y(b) = 5*b**3 + 7*b**2 + 29*b + 33. What is y(-5)?
-562
Let b(y) = y**3 + 30*y + 108. Give b(-3).
-9
Let l(q) = 3*q**2 + 12*q - 51. What is l(3)?
12
Let k(j) = -j**3 + 79*j**2 + 162*j + 65. Calculate k(81).
65
Let s(x) = 2*x**3 - 14*x + 16. What is s(2)?
4
Let z(h) = -75*h + 11917. Calculate z(159).
-8
Let d(o) = -3*o**2 + 81*o + 322. Determine d(-4).
-50
Let y(c) = -c**3 - 25*c**2 - 155*c + 21. Determine y(-12).
9
Let k(c) = -4*c**2 + 72*c + 10. Determine k(18).
10
Let x(a) = 42615*a - 42620. Give x(1).
-5
Let x(c) = -2632*c - 34222. Give x(-13).
-6
Let g(m) = 5*m**2 + 45*m - 10. Give g(-9).
-10
Let j(r) = -r**2 - 29*r - 175. Give j(-20).
5
Let u(s) = 15*s**3 - 955*s**2 - 322*s + 137. Determine u(64).
9
Let p(w) = -11506*w - 57532. Calculate p(-5).
-2
Let l(r) = r**2 + 12*r - 3576. What is l(54)?
-12
Let a(l) = -4*l**2 - 22*l + 8. What is a(-9)?
-118
Let b(q) = q**3 + 2*q**2 - 49*q - 42. What is b(-8)?
-34
Let g(c) = c**2 + 4*c - 732. Determine g(-29).
-7
Let z(a) = -2*a**2 + 14*a + 10. Determine z(5).
30
Let w(y) = 2*y**3 + 84*y**2 - 81*y - 101. Determine w(-43).
-316
Let x(g) = -507*g - 497. Give x(-1).
10
Let p(m) = m**3 + 12*m**2 - 12*m - 6. What is p(-14)?
-230
Let g(l) = 48*l - 526. Determine g(11).
2
Let n(x) = x**3 + 19*x**2 + 30*x + 49. Give n(-8).
513
Let t(j) = 35*j + 322. Determine t(-7).
77
Let k(h) = 113*h + 1958. What is k(-17)?
37
Let u(g) = -71*g + 28. Calculate u(1).
-43
Let v(l) = -l**3 + 15*l**2 - 35*l - 2. Determine v(12).
10
Let y(t) = 5*t**3 + 30*t**2 - 82*t - 5. Give y(-8).
11
Let u(f) = -138*f + 228. What is u(2)?
-48
Let c(g) = 51*g - 1157. Calculate c(23).
16
Let h(n) = -n**3 + 5*n**2 - 2*n - 6. Give h(3).
6
Let v(a) = 20*a**2 - 623*a + 99. What is v(31)?
6
Let p(m) = 512*m - 570. Calculate p(1).
-58
Let h(p) = 90*p - 184. Give h(2).
-4
Let r(o) = -21*o**2 + 4750*o - 897. What is r(226)?
7
Let w(v) = v**3 + 34*v**2 - 129*v + 831. What is w(-38)?
-43
Let s(m) = -m**2 + 41*m + 838. Give s(-15).
-2
Let c(u) = -u**2 - 8*u + 59. Determine c(-11).
26
Let c(q) = -q**3 + 8*q**2 - q + 16. Calculate c(7).
58
Let g(k) = -1661*k - 9973. Calculate g(-6).
-7
Let z(k) = 277*k + 5537. What is z(-20)?
-3
Let x(m) = 483*m - 3853. Determine x(8).
11
Let m(n) = -21*n**3 - 439*n**2 + 43*n + 22. Determine m(-21).
1
Let b(a) = -a**3 - 21*a**2 + 17*a - 36. Give b(-22).
74
Let n(k) = -534*k**2 - 1600*k - 4. Give n(-3).
-10
Let y(w) = -7*w**2 - 413*w - 817. What is y(-2)?
-19
Let s(b) = 4*b**2 + 60*b + 140. Determine s(-4).
-36
Let p(i) = -761*i + 2282. Determine p(3).
-1
Let q(k) = -3*k**3 - 4*k**2 + 12*k - 2. D